prime number?
True
Is 178359 composite?
True
Is 70637 composite?
True
Is 456231 prime?
False
Is 4009 a prime number?
False
Is 112333 a composite number?
True
Is 149213 a prime number?
True
Is 2757 prime?
False
Is 1134943 a prime number?
False
Is 127 composite?
False
Is 13793 a composite number?
True
Is 21661 a composite number?
False
Is 81271 a composite number?
True
Is 82151 prime?
False
Is 50171 composite?
True
Is 22679 composite?
False
Is 7283 a prime number?
True
Is 7961 prime?
False
Is 478523 composite?
False
Is 178831 prime?
True
Is 124363 a prime number?
True
Is 29935 a composite number?
True
Is 63439 prime?
True
Is 32471 prime?
False
Is 2889649 a prime number?
False
Is 42934 composite?
True
Is 20395 a composite number?
True
Is 40322 composite?
True
Is 25811 a prime number?
False
Is 2417 composite?
False
Is 2819 a prime number?
True
Is 411035 a composite number?
True
Is 3809 a prime number?
False
Is 5077 prime?
True
Is 4421 composite?
False
Is 30767 prime?
False
Is 34583 prime?
True
Is 49559 a composite number?
False
Is 117203 a composite number?
False
Is 34653 composite?
True
Is 6521 a prime number?
True
Is 53773 a composite number?
False
Is 8882 composite?
True
Is 225601 composite?
False
Is 67451 a composite number?
True
Is 686393 a composite number?
True
Is 101449 a composite number?
False
Is 20467 a composite number?
True
Is 23737 composite?
True
Is 4573 a composite number?
True
Is 1276237 a composite number?
False
Is 204095 a composite number?
True
Is 841259 composite?
False
Is 27361 a composite number?
False
Is 8069 composite?
False
Is 6449 prime?
True
Is 131585 a prime number?
False
Is 790681 prime?
False
Is 3133 prime?
False
Is 24407 a composite number?
False
Is 448793 prime?
True
Is 366979 a composite number?
True
Is 96791 a composite number?
True
Is 111238 a composite number?
True
Is 52567 a composite number?
False
Is 29905 composite?
True
Is 25057 a prime number?
True
Is 7745 a prime number?
False
Is 924587 a composite number?
True
Is 1145762 a prime number?
False
Is 1203559 a prime number?
False
Is 81401 a composite number?
False
Is 14813 a prime number?
True
Is 1211 composite?
True
Is 1658459 prime?
False
Is 680159 a prime number?
True
Is 888721 composite?
False
Is 16413 a prime number?
False
Is 9643 a prime number?
True
Is 17843 a prime number?
False
Is 14 a prime number?
False
Is 24659 a prime number?
True
Is 3383 prime?
False
Is 126127 a composite number?
False
Is 32099 a prime number?
True
Is 2503 prime?
True
Is 50537 prime?
False
Is 24901 a prime number?
False
Is 41069 prime?
False
Is 128831 composite?
False
Is 77587 a prime number?
True
Is 1507153 prime?
True
Is 106387 a prime number?
False
Is 51682 a composite number?
True
Is 9863 prime?
False
Is 21553 a composite number?
True
Is 38431 a composite number?
False
Is 791167 a prime number?
False
Is 17665 prime?
False
Is 42793 composite?
False
Is 16787 a composite number?
False
Is 18807 composite?
True
Is 269851 a prime number?
True
Is 71291 a prime number?
False
Is 1049091 a composite number?
True
Is 560521 a prime number?
False
Is 3506 composite?
True
Is 46589 a prime number?
True
Is 483985 prime?
False
Is 20807 a prime number?
True
Is 25873 a composite number?
False
Is 943 composite?
True
Is 19813 composite?
False
Is 72139 prime?
True
Is 6186493 composite?
False
Is 232621 composite?
False
Is 1985689 a composite number?
False
Is 7631 composite?
True
Is 81803 prime?
False
Is 1979473 prime?
True
Is 22634 prime?
False
Is 116027 composite?
False
Is 174487 a composite number?
False
Is 28151 a composite number?
False
Is 28597 composite?
False
Is 3961 a prime number?
False
Is 5761 composite?
True
Is 1514 a composite number?
True
Is 127373 a composite number?
False
Is 23713 a composite number?
True
Is 213949 prime?
True
Is 10421 a prime number?
False
Is 8749 composite?
True
Is 54251 prime?
True
Is 2275513 prime?
True
Is 152783 prime?
True
Is 42095 a prime number?
False
Is 448846 a prime number?
False
Is 230407 composite?
True
Is 427 prime?
False
Is 657257 prime?
True
Is 12158 prime?
False
Is 463787 a composite number?
False
Is 19 a prime number?
True
Is 41159 a prime number?
False
Is 586567 composite?
False
Is 98317 composite?
False
Is 166 prime?
False
Is 48647 prime?
True
Is 37 prime?
True
Is 506999 a composite number?
False
Is 3571 a composite number?
False
Is 343779 a composite number?
True
Is 74 prime?
False
Is 12143 composite?
False
Is 9509 a composite number?
True
Is 794063 a prime number?
True
Is 3833 prime?
True
Is 22597 a prime number?
False
Is 51873 composite?
True
Is 8849 composite?
False
Is 5219 composite?
True
Is 19531 prime?
True
Is 274031 a composite number?
True
Is 339095 prime?
False
Is 1009727 a prime number?
True
Is 301859 a prime number?
False
Is 1035427 a composite number?
False
Is 33895 prime?
False
Is 23399 a prime number?
True
Is 9977 a prime number?
False
Is 3622 a prime number?
False
Is 592123 composite?
True
Is 308591 a prime number?
False
Is 446 composite?
True
Is 11863 prime?
True
Is 7747 a composite number?
True
Is 88741 composite?
False
Is 196211 prime?
False
Is 337886 composite?
True
Is 23507 a composite number?
True
Is 10231 prime?
False
Is 1469047 a composite number?
False
Is 3407 prime?
True
Is 36833 prime?
True
Is 45649 a composite number?
True
Is 196139 prime?
True
Is 768041 a prime number?
True
Is 26879 a prime number?
True
Is 30587 a prime number?
False
Is 12007 a prime number?
True
Is 55201 a composite number?
False
Is 12539 prime?
True
Is 538 a composite number?
True
Is 25199 a prime number?
False
Is 235043 a prime number?
True
Is 26293 prime?
True
Is 166541 composite?
False
Is 121029 composite?
True
Is 71957 a composite number?
True
Is 25271 a composite number?
True
Is 10781 composite?
False
Is 314897 a prime number?
False
Is 219577 a prime number?
True
Is 307381 a composite number?
False
Is 80435 prime?
False
Is 3223 a composite number?
True
Is 1352641 prime?
True
Is 65167 a prime number?
True
Is 222553 a composite number?
False
Is 79451 composite?
False
Is 7915 prime?
False
Is 808837 prime?
True
Is 1309793 a prime number?
True
Is 917173 a composite number?
False
Is 59693 composite?
False
Is 9407 prime?
False
Is 18053 a composite number?
True
Is 2196251 prime?
False
Is 8594 composite?
True
Is 740407 composite?
True
Is 30367 a composite number?
False
Is 1697335 a composite number?
True
Is 1024577 a composite number?
False
Is 188579 a composite number?
False
Is 6143 prime?
True
Is 24649 composite?
True
Is 4511 a prime number?
False
Is 69653 prime?
True
Is 183271 a composite number?
True
Is 292753 composite?
False
Is 21977 a prime number?
True
Is 1993 a composite number?
False
Is 4299 composite?
True
Is 44753 composite?
False
Is 7769 composite?
True
Is 479931 a prime number?
False
Is 194239 composite?
False
Is 8491 a composite number?
True
Is 58879 a prime number?
False
Is 24443 composite?
False
Is 3349 a prime number?
False
Is 19777 prime?
True
Is 1709 a composite number?
False
Is 4971 a prime number?
False
Is 2446 prime?
False
Is 5381 prime?
True
Is 12793 a prime number?
False
Is 28781 a composite number?
True
Is 2741 a prime number?
True
Is 1901 a composite number?
False
Is 233 prime?
True
Is 59051 a prime number?
True
Is 3641 a composite number?
True
Is 317957 a prime number?
True
Is 1147 composite?
True
Is 137273 a prime number?
True
Is 74 a composite number?
True
Is 1507 prime?
False
Is 719021 a prime number?
False
Is 57803 composite?
False
Is 587 a composite number?
False
Is 63033 a composite number?
True
Is 12913 composite?
True
Is 324361 a composite number?
False
Is 7817 a prime number?
True
Is 2101 composite?
True
Is 5627 prime?
False
Is 534431 prime?
True
Is 30421 a composite number?
True
Is 742061 a composite number?
True
Is 55049 a composite number?
False
Is 158 a composite number?
True
Is 147377 a composite number?
False
Is 63113 a composite number?
False
Is 369731 composite?
False
Is 22511 a prime number?
True
Is 2245 a composite number?
True
Is 1693 a composite number?
False
Is 8923 a composite number?
False
Is 5629 a composite number?
True
Is 31829 composite?
True
Is 226307 a composite number?
False
Is 200947 prime?
False
Is 45545 composite?
True
Is 164479 a prime number?
False
Is 1163417 prime?
True
Is 191 composit